d n?
34
Let u(m) = -2*m**3 + 28*m**2 + 1 - 1 - 30*m**2. Let y be u(-3). Let s be ((-117)/y)/(1/(-4)). What is the highest common divisor of 117 and s?
13
Suppose 2*p - 2*h - 24 = 0, 2*h = p + 2*p - 32. Let n be 2*-1 - (-9 - 15/(-3)). What is the greatest common divisor of p and n?
2
Suppose 4*k - 33 = 23. What is the greatest common divisor of k and 21?
7
Suppose 15094 + 6254 = 541*d + 52*d. Let h(x) = -35*x + 3. Let b be h(-3). Calculate the greatest common divisor of d and b.
36
Let j = 18 + -27. Let v be (-3)/(j/30*2). Suppose 2 + 0 = -m - f, 2*f - 2 = -v*m. What is the highest common divisor of m and 3?
1
Suppose -7*h + 128 = 2109. Let p = 102 - h. What is the highest common divisor of 35 and p?
35
Let u = 50 + -39. What is the greatest common divisor of u and 143?
11
Let b(q) = 2*q**2 - 30*q + 70. Let o be b(13). What is the highest common divisor of 99 and o?
9
Let a be (95/(-60)*-3)/(1/36). What is the highest common divisor of a and 19?
19
Let k = 3 - -4. Let a = k + -7. Let j(h) = -h**2 + 27. Let y be j(a). What is the highest common factor of 189 and y?
27
Let z(y) = -y. Let n be z(-9). Suppose -8*p + n = -5*p. What is the highest common divisor of p and 15?
3
Let o be -4 + (2 - (-3 - -1)) - -201. Calculate the highest common factor of 134 and o.
67
Suppose -5*s = -30 - 30. Let b be (-2 - 2) + 2 - -151. Suppose -4*y - f = -b, y - 6*y + 205 = 5*f. Calculate the greatest common divisor of s and y.
12
Suppose -13*a + t = -11*a - 758, -5*a = t - 1888. Calculate the greatest common divisor of a and 210.
42
Let a(z) = z**3 + 2*z**2 - z - 1. Let x be a(1). Let h be (0 - -7)/(4/24*x). What is the highest common divisor of h and 6?
6
Let f = 158 - 166. Let z(r) be the third derivative of -r**5/60 - 11*r**4/24 - r**3/3 - r**2. Let s be z(f). Calculate the highest common factor of 2 and s.
2
Suppose 11*d = 7*d + 180. What is the highest common divisor of d and 405?
45
Let z(j) = -6*j + 168. Let a be z(23). Calculate the greatest common divisor of a and 710.
10
Suppose -5*z + 0 = -10. Suppose -z*t + 252 = 4*t. Suppose -t = -3*u - 6. Calculate the greatest common factor of u and 6.
6
Suppose 3*m - 1611 = 2*o, 24*o - 1082 = -2*m + 28*o. Calculate the highest common divisor of 5 and m.
5
Let w be 32/14 - (-6)/(-21). Suppose -4*z - 496 = -8*z. Suppose 0 = -2*v - 2*v + 2*o + 100, -5*v + w*o + z = 0. What is the highest common divisor of 8 and v?
8
Let s be (-4)/46 + (-6996)/(-46) + 4. Calculate the highest common factor of 286 and s.
26
Let u be -6*3/(-18)*(-460)/(-5). What is the highest common divisor of u and 20?
4
Let f(x) = -16*x - 1. Let t be f(-3). Suppose 3*p - 1 - t = 0. Let l be (-1 + 25 - -1)*200/125. What is the greatest common divisor of l and p?
8
Let i be (-11 + -76 - -1*3)*-3. Calculate the greatest common divisor of i and 180.
36
Let l(h) = 7*h - 5*h + 13 - h. Suppose 0*s + 8 = -3*n + s, n - s = 0. Let k be l(n). What is the greatest common divisor of k and 9?
9
Let u = -32 + 35. Let r be (-13)/(u + (-1 - 3)). Calculate the greatest common factor of 104 and r.
13
Let t(v) = -v**3 + 18*v**2 - 31*v - 7. Let g be t(16). Calculate the highest common divisor of 279 and g.
9
Suppose q - 4*i + 6 = 0, 2*q + i = -i + 18. Let v = 4 + q. Suppose 3*u = -4*x + 236, u + 4*u + 3*x - 397 = 0. What is the highest common divisor of u and v?
10
Let u be 1 - (2 - (-3 + 7)). Suppose s = u*s - 36. Let y = 34 - s. What is the greatest common divisor of 4 and y?
4
Suppose 280 = 4*n + 4*r, 0 = 2*n - 2*r - 92 - 28. Calculate the greatest common factor of 2 and n.
1
Let t = -71 + 168. Let c be t + 5*6/15. What is the highest common factor of 11 and c?
11
Let t(h) = 38*h - 1. Let q be t(1). Calculate the greatest common factor of q and 888.
37
Let m be (-2)/5 - (-77)/5. Suppose -3*n - 5*x = -295, 26*x = 4*n + 28*x - 412. What is the greatest common divisor of m and n?
15
Let i(c) = c**2 - 5*c - 4. Let b be i(-4). Suppose 3*n + 3*v + 35 = -40, -4*n - 98 = 5*v. Let f = b + n. Calculate the highest common factor of 2 and f.
1
Let c(p) = 6*p**2 + 2*p + 2. Let b be c(-3). Suppose 2*t + y - b = 0, 3*y = -t - 2*t + 72. What is the greatest common divisor of 26 and t?
26
Let l(u) = u**3 + 14*u**2 + 32*u + 13. Let g be l(-11). Calculate the highest common factor of 104 and g.
8
Let q(j) = j**3 + 8*j**2 + 7*j + 16. Let n be q(-6). Suppose 14*c + n - 326 = 0. Calculate the greatest common factor of 8 and c.
4
Suppose 0 = -2*o + o + 5. Let f = 1308 - 1283. Calculate the highest common divisor of f and o.
5
Let h(x) = x**2 - 100*x - 1314. Let n be h(-12). What is the greatest common divisor of 114 and n?
6
Let a = -52 - -58. Suppose -1 + 5 = h. Calculate the highest common factor of a and h.
2
Let r be (-3)/3 - (-6 + 2). Let y be (-1 - -2)/(r/12). Suppose 0 = 6*k - 3*k - 9, 5*k - 71 = -y*c. What is the greatest common divisor of 154 and c?
14
Let u = 907 - -362. What is the greatest common factor of 27 and u?
27
Suppose m = 3*m - 12. Let q be 2547 - 1 - (-3 + m). Let f be q/11 - (-8)/(-44). What is the highest common divisor of 21 and f?
21
Let x = 1748 - 228. Calculate the highest common divisor of x and 80.
80
Let v be 1*(0/4)/1. Let j be v + 4/((-16)/(-20)). Suppose -j*d = 2*h - 624, -4*d + 777 = 4*h + 285. Calculate the greatest common divisor of d and 18.
18
Let j be (-56)/(-16)*44/(-56)*-4. Let d(w) = -w + 6. Let v be d(-5). Calculate the greatest common divisor of v and j.
11
Let o(j) = 9*j + 12. Let g be o(-12). Let k = g - -131. What is the greatest common divisor of 140 and k?
35
Let h(t) = t**3 + 4*t**2 - 4*t - 1. Let d be h(-4). Calculate the greatest common factor of d and 345.
15
Let b(a) = 2*a - 4. Let n(l) = l. Let q(h) = -b(h) + 3*n(h). Let g be q(11). What is the greatest common factor of g and 60?
15
Suppose -6*a + 720 = 6*a. Calculate the greatest common factor of 12 and a.
12
Suppose 7 = 3*l - 50. Let z = 35 - l. Suppose 34 = 5*h + 24. What is the greatest common divisor of h and z?
2
Suppose 0 = -15*r + 11*r + 156. Suppose m - 4*m + 141 = 5*l, 0 = -l + 3*m + r. Suppose 50 + l = 4*n. Calculate the greatest common factor of 80 and n.
20
Suppose 3*p + 23 - 89 = 0. What is the greatest common divisor of 143 and p?
11
Let q(v) = 4*v**3 + 3*v**2 + 5. Let d be q(-3). Let l = d - -188. What is the greatest common factor of 16 and l?
16
Suppose -8*d = d - 567. What is the highest common factor of 567 and d?
63
Suppose 0 = 2*t + 4*g + 12, 0 = 5*t - 3*g + 6*g + 2. Suppose t*r - 3*r = -22. Suppose 0 = 4*a - 122 + r. What is the greatest common factor of a and 275?
25
Let o(w) = -w + 24. Let c be o(18). Suppose c*n - 183 = 9. What is the greatest common factor of n and 96?
32
Let d be ((-1036)/(-8))/(3/6). Let j = d - 69. Calculate the highest common factor of j and 38.
38
Let c(d) = d**3 - 6*d**2 - 2*d + 14. Let h be c(6). Let s be (6 - 2)*h*1. Calculate the highest common factor of s and 16.
8
Let z = -40 - -37. Let r be (-1)/(1*z/81). Calculate the greatest common factor of 27 and r.
27
Let l(i) = -9*i**2 - 6*i + 8. Let z be l(6). Let f be 1/(-3) - 1/(12/z). Calculate the greatest common divisor of 261 and f.
29
Let h = -12 - -24. Suppose -2*s - 5*x - 4 - 9 = 0, s = 3*x - 1. Let p be 32/(-20)*10*1/s. Calculate the highest common divisor of p and h.
4
Let h be 2/(-10) - 93/(-15). Let d = -10 + 10. Suppose 2*q - 12 = -d*q. What is the highest common divisor of h and q?
6
Let o(x) = -12*x**2 - 1. Let r be o(1). Let b = 5 - r. Let u be (174/(-783))/(1/(-81)). What is the greatest common divisor of u and b?
18
Let w be ((-1)/2)/((-2)/8). Suppose 3*s - 5*s = -4*j + 134, 154 = 4*j + w*s. What is the greatest common factor of j and 4?
4
Let z(b) = 3*b + 2*b + 25 - 15 + 36. Let y be z(-8). Calculate the greatest common factor of y and 3.
3
Suppose 0 = -63*l + 62*l + 8. Calculate the greatest common factor of l and 68.
4
Suppose 201 = -4*w - 2*u + 797, -5*w = 4*u - 742. What is the highest common factor of 675 and w?
75
Suppose 12*t - 5*t = -490. Let j = t - -76. Calculate the highest common factor of 6 and j.
6
Let q be 0 + 32*1*1. Let l be 24 + 8/(-2)*1. Let z = q - l. Calculate the highest common factor of 8 and z.
4
Suppose 6*m - 332 = 1792. Let t = m + -178. Let i = -124 + t. Calculate the greatest common factor of 13 and i.
13
Let w(i) = -i**3 + 56. Let b be w(